154. Suppose -5*j - 10*w + p*w + 2430 = 0, 2*w + 4 = 0. What is the hundreds digit of j?
4
What is the units digit of (4557 - -11 - (-6 - -12)) + (1 - 1)?
2
Suppose -2*j - 158941 + 878877 = 14*j. What is the units digit of j?
6
Let s(d) = 2 + 14681*d + 3*d**2 + 0 - 14727*d. What is the tens digit of s(19)?
1
Let m be -1 + 1340/2 + (-10 - -14). Suppose -13*a + 11*a + m = 5*l, -4*a - 5*l + 1371 = 0. What is the tens digit of a?
4
Let t = 16 + -6. Suppose t = 7*m - 4. Suppose -5*z = -3*j + 89, -5*j + 7*z + 155 = m*z. What is the units digit of j?
3
Suppose 39*r - 1411328 = -89*r. What is the hundreds digit of r?
0
What is the tens digit of (21/9)/(35/105) - -1133?
4
What is the ten thousands digit of ((-2)/(-6))/(10/5488890*11)?
1
Suppose 564 = 25*u + 114. What is the tens digit of (2 - -881) + (u - 22) + 1?
8
Let a be -6 + (-6 - -3391)/5. Let q = a - 402. What is the units digit of q?
9
Let q(f) = 185*f**2 + 19*f + 56. Let v be q(-9). Suppose 5*x - v = -10*b, -x - 1011 = -b + 473. What is the hundreds digit of b?
4
Let f(z) = 18*z**3 - 4*z**2 + 3*z + 2. Let o be f(3). Suppose 0 = r + 2*q - o, 35 = -r - q + 501. Suppose 10*w + r = 13*w. What is the tens digit of w?
5
What is the units digit of (1 - (2 - 5))*81051/12?
7
Let x be (-2331)/12 - ((-77)/(-28) - 3). Let w = 172 - 276. Let g = w - x. What is the tens digit of g?
9
Let g(c) = c + 3. Let x(w) = -78*w - 36. Let s(u) = -2*g(u) + x(u). What is the hundreds digit of s(-2)?
1
Let j(l) be the second derivative of l**4/12 + 5*l**3/3 + 16*l**2 - 2*l + 6. What is the tens digit of j(12)?
9
Let v(l) = -17*l + 123. Let o be v(7). Suppose 5*q + 5*d - 2075 = 0, 0 = q + 2*q + o*d - 1242. What is the tens digit of q?
1
Let i(j) = -j**2 + 5*j + 533. Let g be i(0). Let u = g - 136. Suppose u = 2*o + 151. What is the tens digit of o?
2
Suppose -221 = 3*n - 5*j + 165, -472 = 4*n + 4*j. Let w = n - -635. What is the units digit of w?
3
Suppose 3*s = -5*h + 1988, -3*s - 7*h + 1984 = -3*h. Let t = s + 71. What is the hundreds digit of t?
7
Let j = 12831 + -5547. Suppose -9*t - 3*t = -j. What is the tens digit of t?
0
Let p(w) be the first derivative of -w**4/4 - w**3/3 + 44. Let i be p(-2). What is the units digit of i/((-4)/(-53)) + 5?
8
Suppose -5*r + 0*r + 3290 = 8*q, -2*r = -3*q - 1285. What is the tens digit of r?
5
Let r(q) = 511*q**3 + 40*q**2 - 28*q - 10. What is the units digit of r(4)?
2
Let u be -5 + (-1 - -8) - 12/(-1). What is the units digit of (-16)/u*(-70)/20?
4
Let j(v) = -16*v - 7. Let b be ((-6)/(-3))/(4/(-8)). Let n(c) = -16*c - 6. Let i(t) = b*n(t) + 3*j(t). What is the tens digit of i(4)?
6
Suppose -4*z - k = 3, -4*z - 6 + 21 = -5*k. Suppose z = 339*c - 344*c + 1000. What is the units digit of c?
0
Let i = 31688 - 20542. What is the ten thousands digit of i?
1
Suppose -3 = -5*z + 17, -2*z = -y + 515. Suppose -524*u = -y*u - 324. What is the tens digit of u?
2
Let m = 362 - -122. What is the tens digit of m?
8
Let j be (-4)/(16/22)*22. Let b be (-4)/(56/(-3826)) + 2/(-7). Let u = b + j. What is the hundreds digit of u?
1
Let y(u) = -225*u - 500. What is the units digit of y(-35)?
5
Let l(p) = p**2 + 3*p + 4. Let z be l(-2). Suppose -4*c = 5*y - 16, z*c - 1 = -3. Suppose 2*u - y*w = 362, 5*w - 9 = 6. What is the units digit of u?
7
Suppose 2*j - 163 - 43 = 0. Let o be 36/(-24) + j/2. Suppose 0 = -2*b + 176 + o. What is the tens digit of b?
1
Let y(s) = s**3 - s**2 - 801*s + 146. What is the units digit of y(35)?
1
Let r = 89 - 57. Let v be 2/(-13) - (-2 - (-232)/13). Let z = v + r. What is the tens digit of z?
1
Let w be (-4 - -1)*(-5 + 0). Let b be ((-3753)/108)/(1*5/(-20)). Let r = w + b. What is the hundreds digit of r?
1
Let w(l) = -7*l**2 + 17*l + 6. Suppose 0 = -22*k + 19*k + 33. Let u be w(k). What is the tens digit of u/(-9) - ((-20)/15)/(-2)?
7
Let n = -9 - -43. Let s = 59 + n. Suppose 141 = 2*x - s. What is the tens digit of x?
1
Let n = 19017 - 19015. Suppose 4*x = -44 + 8. What is the tens digit of (-2)/(x/225*(n - 1))?
5
Let d = -73 - -71. Let c be 5 + 682 + (1 - d). Suppose 6*z = 11*z - c. What is the units digit of z?
8
Let f = 2692 - -11292. What is the tens digit of f?
8
Suppose -359064 = -17*m - 100126 + 229574. What is the units digit of m?
6
Suppose -2*l - 2 + 20890 = -2*v, 3*v - 20878 = -2*l. What is the tens digit of l?
4
Let v(p) = -38*p - 165. Let h(c) = 115*c + 497. Let l(g) = 2*h(g) + 7*v(g). What is the tens digit of l(-9)?
6
Let l be ((-15)/(-20) + 0)*4. Suppose -l*i + i = -6, -5*i + 7 = -4*q. Suppose -89 = -g - 2*d, q*g = 5*g - 3*d - 303. What is the units digit of g?
7
Let l(h) = 38157*h**2 + 43*h + 1. What is the tens digit of l(1)?
0
Suppose -4*b + 4*d = -60936, 259*d - 258*d = 3*b - 45708. What is the thousands digit of b?
5
Suppose j - q + 5 = 0, 5*j - 4*q + 2*q + 10 = 0. Let p be -24*16/(-1024)*8. Suppose p*x - r = -6*r + 221, -5*x - 3*r + 363 = j. What is the units digit of x?
2
Let k = 3 - 1. Let f be (-304)/10*7*70/(-196). Suppose 0 = -4*w + 4*c + f, -c - 32 - 6 = -k*w. What is the tens digit of w?
1
Suppose 3*r - 2*r = -3*v + 11, 0 = -v - 2*r + 12. Suppose 0 = 2*x + 2, -2189 = -5*g + v*x - 502. What is the units digit of g?
7
Suppose 117*t - 1657023 = -51*t + 74553. What is the tens digit of t?
0
Let v(a) be the second derivative of -a**4/12 - 7*a**3/2 + 11*a**2 + 21*a. Let n be v(-22). What is the tens digit of -12*(-12 - n)*(-9)/(-18)?
7
Suppose -6 = -2*s, 0 = 5*d - 5*s - 0*s - 1145. Let u = d - 68. What is the units digit of u?
4
Let a be (-2)/5 + 18/(-30). Let o(u) = -13*u - 4. Let w be o(a). Suppose 5*q + 215 = y + w*q, -3*q = 12. What is the tens digit of y?
3
Suppose 0 = 3*x - 66 + 78. Let i = x - -496. Suppose 10*n + i = 2602. What is the tens digit of n?
1
Let t(x) = 12*x - 16. Let w(h) = 11*h - 15. Let z(a) = -5*t(a) + 6*w(a). Let p be z(-9). What is the units digit of (-82)/(p/28 + (-4)/(-14))?
1
Let r(l) = l**2 + 10*l + 39. Let p be r(-19). Suppose -p = 6*d - 7*d. What is the hundreds digit of d?
2
Suppose 118*w - 317200 = 38*w. What is the hundreds digit of w?
9
Let o(a) = -a + 22. Let t be o(20). Suppose -t*b = 10 - 14. Suppose d - 101 = -s + b*d, 20 = -4*d. What is the units digit of s?
6
Let r = 4400 - 2869. What is the thousands digit of r?
1
Suppose 0 = 6*n - n - 4*b + 1419, -3*b - 1447 = 5*n. Let g = n + 659. What is the hundreds digit of g?
3
Let q(r) = 11*r**2 + 103*r + 81. What is the hundreds digit of q(-30)?
8
Suppose -169322 = -3*h + 3*u - 54047, -8*h + 307421 = -5*u. What is the hundreds digit of h?
4
Suppose -30289 = -3*s - 4*i, s - 10089 = 155*i - 160*i. What is the thousands digit of s?
0
Let z(r) = 1482*r - 2596. What is the ten thousands digit of z(20)?
2
Let p = 78 - 34. Let c be ((-253)/p)/(2/(-360)). Suppose 0 = 2*k - 11*k + c. What is the tens digit of k?
1
Let r = 582 + -774. Let i = r + 1058. What is the tens digit of i?
6
Suppose 5*l = 2*l - 2*o - 1521, 2*l - 5*o = -1014. Let w = 808 + l. What is the tens digit of w?
0
Let q(f) = -259*f + 706. What is the ten thousands digit of q(-53)?
1
What is the units digit of (-1)/(-4) + (2/(-36))/(32/(-215856))?
5
Let j(i) = -i**2 + 11*i + 9. Suppose -45 - 21 = -6*u. Let z be j(u). Let x = 63 - z. What is the units digit of x?
4
Let c(i) = 5*i - 24. Let s(u) = u - 22. Let n be s(4). Let t be c(n). Let a = -58 - t. What is the tens digit of a?
5
What is the ten thousands digit of ((-5)/((-5)/(-8252)))/((-143)/286)?
1
Suppose -16 = -2*n + 10. Suppose -7*o + n = -22. What is the tens digit of (o/5 - 6)*98/(-5)?
9
Let u(o) = 9*o**2 - 10 - 3*o**2 + o - 5*o**2 - o. Let j(q) = 3*q - 3. Let l be j(3). What is the units digit of u(l)?
6
Let t(x) = -637*x + 98. What is the thousands digit of t(-7)?
4
Let p(w) = -39*w - 303. Let d be p(-8). Let v be (9/6 + -1)*26. Suppose d*l + 892 = v*l. What is the tens digit of l?
2
Let p be (-1)/((4/(-1268))/(-1)). Let h = p - -356. What is the units digit of h?
9
Let u be (1 - -1)/((-26)/(-637)). Let f = 379 - u. What is the units digit of f?
0
What is the tens digit of 41598 + -38 + (1 - -21)?
8
Suppose 619*n - 623*n = -72. Suppose -n*y = -20*y + 1110. What is the tens digit of y?
5
Suppose 0 = 5*t - t - 2*h - 16, 2*t = -5*h - 16. Suppose -t*u + 4*u = 4. Suppose -3*y + 55 = 4*p, y - 3*p - u*p = 31. What is the tens digit of y?
2
Let m(w) = -40